{"id":17,"date":"2024-10-25T07:31:42","date_gmt":"2024-10-25T07:31:42","guid":{"rendered":"https:\/\/psychologbarczynska.pl\/?page_id=17"},"modified":"2025-12-10T12:17:21","modified_gmt":"2025-12-10T12:17:21","slug":"oferta","status":"publish","type":"page","link":"https:\/\/psychologbarczynska.pl\/index.php\/oferta\/","title":{"rendered":"Oferta"},"content":{"rendered":"\n<figure class=\"wp-block-image aligncenter size-large is-resized\"><img loading=\"lazy\" decoding=\"async\" width=\"1024\" height=\"171\" src=\"https:\/\/psychologbarczynska.pl\/wp-content\/uploads\/2024\/11\/Projekt-bez-nazwy-10-1024x171.png\" alt=\"\" class=\"wp-image-143\" style=\"width:413px;height:auto\" srcset=\"https:\/\/psychologbarczynska.pl\/wp-content\/uploads\/2024\/11\/Projekt-bez-nazwy-10-1024x171.png 1024w, https:\/\/psychologbarczynska.pl\/wp-content\/uploads\/2024\/11\/Projekt-bez-nazwy-10-300x50.png 300w, https:\/\/psychologbarczynska.pl\/wp-content\/uploads\/2024\/11\/Projekt-bez-nazwy-10-768x128.png 768w, https:\/\/psychologbarczynska.pl\/wp-content\/uploads\/2024\/11\/Projekt-bez-nazwy-10.png 1026w\" sizes=\"auto, (max-width: 1024px) 100vw, 1024px\" \/><\/figure>\n\n\n\n<div class=\"wp-block-group alignfull has-ti-fg-alt-background-color has-background is-content-justification-center is-layout-constrained wp-container-core-group-is-layout-e140f387 wp-block-group-is-layout-constrained\" style=\"margin-top:0px;margin-bottom:0px;padding-top:64px;padding-bottom:64px\">\n<div class=\"wp-block-group alignwide is-layout-flow wp-container-core-group-is-layout-c6626a78 wp-block-group-is-layout-flow\">\n<div class=\"wp-block-columns are-vertically-aligned-top is-layout-flex wp-container-core-columns-is-layout-28f84493 wp-block-columns-is-layout-flex\">\n<div class=\"wp-block-column is-vertically-aligned-top is-layout-flow wp-container-core-column-is-layout-47e5a185 wp-block-column-is-layout-flow\">\n<div class=\"wp-block-group is-content-justification-left is-layout-constrained wp-container-core-group-is-layout-44ff0204 wp-block-group-is-layout-constrained\" style=\"border-radius:5px\">\n<figure class=\"wp-block-image size-full\"><img loading=\"lazy\" decoding=\"async\" width=\"436\" height=\"203\" src=\"https:\/\/psychologbarczynska.pl\/wp-content\/uploads\/2024\/10\/Service-Title-2.png\" alt=\"\" class=\"wp-image-51\" srcset=\"https:\/\/psychologbarczynska.pl\/wp-content\/uploads\/2024\/10\/Service-Title-2.png 436w, https:\/\/psychologbarczynska.pl\/wp-content\/uploads\/2024\/10\/Service-Title-2-300x140.png 300w\" sizes=\"auto, (max-width: 436px) 100vw, 436px\" \/><\/figure>\n\n\n\n<h3 class=\"wp-block-heading has-medium-font-size\"><strong>Konsultacje indywidualne &#8211; 150z\u0142\/50min<\/strong><\/h3>\n\n\n\n<p class=\"has-medium-font-size\"><strong>Konsultacje dla par &#8211; 200z\u0142\/70min<\/strong><\/p>\n\n\n\n<p class=\"has-medium-font-size\"><strong>Konsultacje rodzinne &#8211; 150z\u0142\/50min<\/strong> lub <strong>200z\u0142\/70min<\/strong><\/p>\n\n\n\n<div class=\"wp-block-buttons is-layout-flex wp-block-buttons-is-layout-flex\">\n<div class=\"wp-block-button is-style-fill\"><a class=\"wp-block-button__link has-ti-accent-background-color has-background wp-element-button\" href=\"https:\/\/psychologbarczynska.pl\/index.php\/kontakt\/\">Kontakt<\/a><\/div>\n<\/div>\n<\/div>\n<\/div>\n\n\n\n<div class=\"wp-block-column is-vertically-aligned-top is-layout-flow wp-container-core-column-is-layout-47e5a185 wp-block-column-is-layout-flow\">\n<div class=\"wp-block-group is-content-justification-left is-layout-constrained wp-container-core-group-is-layout-44ff0204 wp-block-group-is-layout-constrained\" style=\"border-radius:5px\">\n<figure class=\"wp-block-image size-full\"><img loading=\"lazy\" decoding=\"async\" width=\"428\" height=\"203\" src=\"https:\/\/psychologbarczynska.pl\/wp-content\/uploads\/2024\/10\/Service-Title.png\" alt=\"\" class=\"wp-image-49\" srcset=\"https:\/\/psychologbarczynska.pl\/wp-content\/uploads\/2024\/10\/Service-Title.png 428w, https:\/\/psychologbarczynska.pl\/wp-content\/uploads\/2024\/10\/Service-Title-300x142.png 300w\" sizes=\"auto, (max-width: 428px) 100vw, 428px\" \/><\/figure>\n\n\n\n<h3 class=\"wp-block-heading has-medium-font-size\"><strong>Konsultacje indywidualne &#8211;       150z\u0142\/50 min<\/strong><\/h3>\n\n\n\n<p class=\"has-medium-font-size\"><strong>Konsultacje dla par &#8211; 200z\u0142\/70min<\/strong><\/p>\n<\/div>\n<\/div>\n\n\n\n<div class=\"wp-block-column is-vertically-aligned-top is-layout-flow wp-container-core-column-is-layout-47e5a185 wp-block-column-is-layout-flow\" style=\"border-style:none;border-width:0px\">\n<div class=\"wp-block-group is-content-justification-left is-layout-constrained wp-container-core-group-is-layout-44ff0204 wp-block-group-is-layout-constrained\" style=\"border-radius:5px\">\n<figure class=\"wp-block-image size-full\"><img loading=\"lazy\" decoding=\"async\" width=\"420\" height=\"203\" src=\"https:\/\/psychologbarczynska.pl\/wp-content\/uploads\/2024\/10\/Service-Title-1.png\" alt=\"\" class=\"wp-image-50\" srcset=\"https:\/\/psychologbarczynska.pl\/wp-content\/uploads\/2024\/10\/Service-Title-1.png 420w, https:\/\/psychologbarczynska.pl\/wp-content\/uploads\/2024\/10\/Service-Title-1-300x145.png 300w\" sizes=\"auto, (max-width: 420px) 100vw, 420px\" \/><\/figure>\n\n\n\n<h3 class=\"wp-block-heading has-medium-font-size\">Dla doros\u0142ych, dzieci i m\u0142odzie\u017cy <\/h3>\n\n\n\n<p>Dla grup zorganizowanych mo\u017cliwe jest przeprowadzenie szkolenia lub pojedynczych warsztat\u00f3w o innej tematyce z zakresu rozwoju osobistego i psychologii. <\/p>\n\n\n\n<p><\/p>\n<\/div>\n<\/div>\n<\/div>\n<\/div>\n\n\n\n<div class=\"wp-block-group has-ti-bg-alt-background-color has-background is-layout-constrained wp-block-group-is-layout-constrained\">\n<p class=\"has-ti-bg-alt-background-color has-background\">Pomagam w obszarach:<\/p>\n\n\n\n<ul class=\"wp-block-list\">\n<li>problem\u00f3w \u017cyciowych\/rodzinnych\/zawodowych\/szkolnych,<\/li>\n\n\n\n<li>trudno\u015bci emocjonalnych np. l\u0119k\u00f3w, z\u0142o\u015bci, przygn\u0119bienia,<\/li>\n\n\n\n<li>negatywnych schemat\u00f3w my\u015blowych, emocjonalnych i behawioralnych,<\/li>\n\n\n\n<li>trudno\u015bci w stawianiu granic i asertywno\u015bci,<\/li>\n\n\n\n<li>trudno\u015bci w radzeniu sobie ze stresem,<\/li>\n\n\n\n<li>trudno\u015bci komunikacyjnych w zwi\u0105zku.<\/li>\n\n\n\n<li>trudno\u015bci w odnalezieniu sensu \u017cycia,<\/li>\n\n\n\n<li>niskim poczuciu w\u0142asnej warto\u015bci i pewno\u015bci siebie.<\/li>\n<\/ul>\n<\/div>\n<\/div>\n\n\n\n<figure class=\"wp-block-image size-full is-resized\"><img loading=\"lazy\" decoding=\"async\" width=\"374\" height=\"124\" src=\"http:\/\/psychologbarczynska.pl\/wp-content\/uploads\/2024\/10\/Projekt-bez-nazwy-9b.png\" alt=\"\" class=\"wp-image-136\" style=\"width:188px;height:auto\" srcset=\"https:\/\/psychologbarczynska.pl\/wp-content\/uploads\/2024\/10\/Projekt-bez-nazwy-9b.png 374w, https:\/\/psychologbarczynska.pl\/wp-content\/uploads\/2024\/10\/Projekt-bez-nazwy-9b-300x99.png 300w\" sizes=\"auto, (max-width: 374px) 100vw, 374px\" \/><\/figure>\n\n\n\n<p><\/p>\n","protected":false},"excerpt":{"rendered":"<p>Konsultacje indywidualne &#8211; 150z\u0142\/50min Konsultacje dla par &#8211; 200z\u0142\/70min Konsultacje rodzinne &#8211; 150z\u0142\/50min lub 200z\u0142\/70min Konsultacje indywidualne &#8211; 150z\u0142\/50 min Konsultacje dla par &#8211; 200z\u0142\/70min Dla doros\u0142ych, dzieci i m\u0142odzie\u017cy Dla grup zorganizowanych mo\u017cliwe jest przeprowadzenie szkolenia lub pojedynczych warsztat\u00f3w o innej tematyce z zakresu rozwoju osobistego i psychologii. Pomagam w obszarach:<\/p>\n","protected":false},"author":1,"featured_media":0,"parent":0,"menu_order":0,"comment_status":"closed","ping_status":"closed","template":"","meta":{"_themeisle_gutenberg_block_has_review":false,"footnotes":""},"class_list":["post-17","page","type-page","status-publish","hentry"],"_links":{"self":[{"href":"https:\/\/psychologbarczynska.pl\/index.php\/wp-json\/wp\/v2\/pages\/17","targetHints":{"allow":["GET"]}}],"collection":[{"href":"https:\/\/psychologbarczynska.pl\/index.php\/wp-json\/wp\/v2\/pages"}],"about":[{"href":"https:\/\/psychologbarczynska.pl\/index.php\/wp-json\/wp\/v2\/types\/page"}],"author":[{"embeddable":true,"href":"https:\/\/psychologbarczynska.pl\/index.php\/wp-json\/wp\/v2\/users\/1"}],"replies":[{"embeddable":true,"href":"https:\/\/psychologbarczynska.pl\/index.php\/wp-json\/wp\/v2\/comments?post=17"}],"version-history":[{"count":26,"href":"https:\/\/psychologbarczynska.pl\/index.php\/wp-json\/wp\/v2\/pages\/17\/revisions"}],"predecessor-version":[{"id":355,"href":"https:\/\/psychologbarczynska.pl\/index.php\/wp-json\/wp\/v2\/pages\/17\/revisions\/355"}],"wp:attachment":[{"href":"https:\/\/psychologbarczynska.pl\/index.php\/wp-json\/wp\/v2\/media?parent=17"}],"curies":[{"name":"wp","href":"https:\/\/api.w.org\/{rel}","templated":true}]}}