{"id":269,"date":"2025-11-18T20:36:30","date_gmt":"2025-11-18T20:36:30","guid":{"rendered":"https:\/\/psychologbarczynska.pl\/?page_id=269"},"modified":"2025-11-23T12:57:40","modified_gmt":"2025-11-23T12:57:40","slug":"sklep","status":"publish","type":"page","link":"https:\/\/psychologbarczynska.pl\/index.php\/sklep\/","title":{"rendered":"Sklep"},"content":{"rendered":"\n<div class=\"wp-block-group alignfull has-ti-bg-alt-background-color has-background is-layout-constrained wp-container-core-group-is-layout-352a731e wp-block-group-is-layout-constrained\" style=\"margin-top:0px;margin-bottom:0px;padding-top:64px;padding-bottom:64px\">\n<div class=\"wp-block-group alignwide is-layout-flow wp-block-group-is-layout-flow\">\n<div class=\"wp-block-columns is-layout-flex wp-container-core-columns-is-layout-28f84493 wp-block-columns-is-layout-flex\">\n<div class=\"wp-block-column is-layout-flow wp-container-core-column-is-layout-47e5a185 wp-block-column-is-layout-flow\">\n<figure class=\"wp-block-image size-full\"><img loading=\"lazy\" decoding=\"async\" width=\"1919\" height=\"2560\" src=\"http:\/\/psychologbarczynska.pl\/wp-content\/uploads\/2025\/11\/IMG_20251112_201139662_HDR_AE3-scaled.jpg\" alt=\"\" class=\"wp-image-252\" srcset=\"https:\/\/psychologbarczynska.pl\/wp-content\/uploads\/2025\/11\/IMG_20251112_201139662_HDR_AE3-scaled.jpg 1919w, https:\/\/psychologbarczynska.pl\/wp-content\/uploads\/2025\/11\/IMG_20251112_201139662_HDR_AE3-225x300.jpg 225w, https:\/\/psychologbarczynska.pl\/wp-content\/uploads\/2025\/11\/IMG_20251112_201139662_HDR_AE3-768x1025.jpg 768w, https:\/\/psychologbarczynska.pl\/wp-content\/uploads\/2025\/11\/IMG_20251112_201139662_HDR_AE3-1151x1536.jpg 1151w, https:\/\/psychologbarczynska.pl\/wp-content\/uploads\/2025\/11\/IMG_20251112_201139662_HDR_AE3-1535x2048.jpg 1535w\" sizes=\"auto, (max-width: 1919px) 100vw, 1919px\" \/><\/figure>\n\n\n\n<div class=\"wp-block-group has-ti-bg-background-color has-background is-layout-constrained wp-container-core-group-is-layout-430a0e02 wp-block-group-is-layout-constrained\" style=\"border-top-left-radius:0px;border-top-right-radius:0px;border-bottom-left-radius:5px;border-bottom-right-radius:5px;padding-top:32px;padding-right:32px;padding-bottom:32px;padding-left:32px\">\n<h3 class=\"wp-block-heading has-text-align-left has-medium-font-size\">Mi\u0142osna Wie\u017ca<\/h3>\n\n\n\n<p class=\"has-text-align-left\">Odkryj na nowo blisko\u015b\u0107, rozmow\u0119 i magi\u0119 drobnych gest\u00f3w, bo mi\u0142o\u015b\u0107 to co\u015b, co warto piel\u0119gnowa\u0107 ka\u017cdego dnia!<\/p>\n\n\n\n<div class=\"wp-block-buttons is-layout-flex wp-block-buttons-is-layout-flex\">\n<div class=\"wp-block-button\"><a class=\"wp-block-button__link wp-element-button\" href=\"https:\/\/psychologbarczynska.pl\/index.php\/milosna-wieza\/\">Wi\u0119cej<\/a><\/div>\n<\/div>\n<\/div>\n<\/div>\n\n\n\n<div class=\"wp-block-column is-layout-flow wp-container-core-column-is-layout-47e5a185 wp-block-column-is-layout-flow\">\n<figure class=\"wp-block-image size-full\"><img loading=\"lazy\" decoding=\"async\" width=\"1920\" height=\"2560\" src=\"https:\/\/psychologbarczynska.pl\/wp-content\/uploads\/2025\/11\/IMG_20251112_203801072_MF_PORTRAIT2-edited-1-scaled.jpg\" alt=\"\" class=\"wp-image-297\" srcset=\"https:\/\/psychologbarczynska.pl\/wp-content\/uploads\/2025\/11\/IMG_20251112_203801072_MF_PORTRAIT2-edited-1-scaled.jpg 1920w, https:\/\/psychologbarczynska.pl\/wp-content\/uploads\/2025\/11\/IMG_20251112_203801072_MF_PORTRAIT2-edited-1-225x300.jpg 225w, https:\/\/psychologbarczynska.pl\/wp-content\/uploads\/2025\/11\/IMG_20251112_203801072_MF_PORTRAIT2-edited-1-768x1024.jpg 768w, https:\/\/psychologbarczynska.pl\/wp-content\/uploads\/2025\/11\/IMG_20251112_203801072_MF_PORTRAIT2-edited-1-1152x1536.jpg 1152w, https:\/\/psychologbarczynska.pl\/wp-content\/uploads\/2025\/11\/IMG_20251112_203801072_MF_PORTRAIT2-edited-1-1536x2048.jpg 1536w\" sizes=\"auto, (max-width: 1920px) 100vw, 1920px\" \/><\/figure>\n\n\n\n<div class=\"wp-block-group has-ti-bg-background-color has-background is-layout-constrained wp-container-core-group-is-layout-430a0e02 wp-block-group-is-layout-constrained\" style=\"border-top-left-radius:0px;border-top-right-radius:0px;border-bottom-left-radius:5px;border-bottom-right-radius:5px;padding-top:32px;padding-right:32px;padding-bottom:32px;padding-left:32px\">\n<h3 class=\"wp-block-heading has-text-align-left has-medium-font-size\">Rodzinna Wie\u017ca<\/h3>\n\n\n\n<p class=\"has-text-align-left\">Jest to prosta i lu\u017ana gra, kt\u00f3rej celem jest wzmocnienie wi\u0119zi i wype\u0142nienie domu pozytywn\u0105 energi\u0105.<\/p>\n\n\n\n<div class=\"wp-block-buttons is-layout-flex wp-block-buttons-is-layout-flex\">\n<div class=\"wp-block-button\"><a class=\"wp-block-button__link wp-element-button\" href=\"https:\/\/psychologbarczynska.pl\/index.php\/rodzinna-wieza\/\">Wi\u0119cej<\/a><\/div>\n<\/div>\n<\/div>\n<\/div>\n<\/div>\n<\/div>\n<\/div>\n\n\n\n<p><\/p>\n","protected":false},"excerpt":{"rendered":"<p>Mi\u0142osna Wie\u017ca Odkryj na nowo blisko\u015b\u0107, rozmow\u0119 i magi\u0119 drobnych gest\u00f3w, bo mi\u0142o\u015b\u0107 to co\u015b, co warto piel\u0119gnowa\u0107 ka\u017cdego dnia! Rodzinna Wie\u017ca Jest to prosta i lu\u017ana gra, kt\u00f3rej celem jest wzmocnienie wi\u0119zi i wype\u0142nienie domu pozytywn\u0105 energi\u0105.<\/p>\n","protected":false},"author":1,"featured_media":0,"parent":0,"menu_order":0,"comment_status":"closed","ping_status":"closed","template":"","meta":{"_themeisle_gutenberg_block_has_review":false,"footnotes":""},"class_list":["post-269","page","type-page","status-publish","hentry"],"_links":{"self":[{"href":"https:\/\/psychologbarczynska.pl\/index.php\/wp-json\/wp\/v2\/pages\/269","targetHints":{"allow":["GET"]}}],"collection":[{"href":"https:\/\/psychologbarczynska.pl\/index.php\/wp-json\/wp\/v2\/pages"}],"about":[{"href":"https:\/\/psychologbarczynska.pl\/index.php\/wp-json\/wp\/v2\/types\/page"}],"author":[{"embeddable":true,"href":"https:\/\/psychologbarczynska.pl\/index.php\/wp-json\/wp\/v2\/users\/1"}],"replies":[{"embeddable":true,"href":"https:\/\/psychologbarczynska.pl\/index.php\/wp-json\/wp\/v2\/comments?post=269"}],"version-history":[{"count":4,"href":"https:\/\/psychologbarczynska.pl\/index.php\/wp-json\/wp\/v2\/pages\/269\/revisions"}],"predecessor-version":[{"id":299,"href":"https:\/\/psychologbarczynska.pl\/index.php\/wp-json\/wp\/v2\/pages\/269\/revisions\/299"}],"wp:attachment":[{"href":"https:\/\/psychologbarczynska.pl\/index.php\/wp-json\/wp\/v2\/media?parent=269"}],"curies":[{"name":"wp","href":"https:\/\/api.w.org\/{rel}","templated":true}]}}