{"id":43,"date":"2024-10-25T09:21:02","date_gmt":"2024-10-25T09:21:02","guid":{"rendered":"https:\/\/psychologbarczynska.pl\/?page_id=43"},"modified":"2025-12-10T11:19:47","modified_gmt":"2025-12-10T11:19:47","slug":"umow-wizyte","status":"publish","type":"page","link":"https:\/\/psychologbarczynska.pl\/index.php\/umow-wizyte\/","title":{"rendered":"Um\u00f3w wizyt\u0119"},"content":{"rendered":"\n<p class=\"has-text-align-center has-ti-fg-alt-background-color has-background\" style=\"margin-top:var(--wp--preset--spacing--40);margin-bottom:var(--wp--preset--spacing--40)\">Aby um\u00f3wi\u0107 si\u0119 na wizyt\u0119 prosz\u0119 o kontakt:<\/p>\n\n\n\n<div class=\"wp-block-group alignfull has-ti-accent-color has-ti-accent-background-color has-text-color has-background is-layout-constrained wp-container-core-group-is-layout-de65f897 wp-block-group-is-layout-constrained\" style=\"margin-top:0px;margin-bottom:0px;padding-top:14px;padding-right:0;padding-bottom:14px;padding-left:0\">\n<div class=\"wp-block-group alignwide is-layout-flow wp-block-group-is-layout-flow\">\n<div class=\"wp-block-columns is-layout-flex wp-container-core-columns-is-layout-13e2ef3f wp-block-columns-is-layout-flex\">\n<div class=\"wp-block-column is-vertically-aligned-top is-layout-flow wp-container-core-column-is-layout-47e5a185 wp-block-column-is-layout-flow\">\n<div class=\"wp-block-group is-layout-constrained wp-block-group-is-layout-constrained\" style=\"border-radius:5px\">\n<div class=\"wp-block-group is-layout-constrained wp-block-group-is-layout-constrained\">\n<div class=\"wp-block-group is-layout-constrained wp-block-group-is-layout-constrained\">\n<div class=\"wp-block-columns is-layout-flex wp-container-core-columns-is-layout-28f84493 wp-block-columns-is-layout-flex\">\n<div class=\"wp-block-column is-layout-flow wp-block-column-is-layout-flow\" style=\"flex-basis:100%\">\n<div id=\"wp-block-themeisle-blocks-font-awesome-icons-9eb260c3\" class=\"wp-block-themeisle-blocks-font-awesome-icons\"><span class=\"wp-block-themeisle-blocks-font-awesome-icons-container nan-padding\"><i class=\"fas fa-phone-alt\"><\/i><\/span><\/div>\n<\/div>\n<\/div>\n\n\n\n<p class=\"has-text-align-center has-ti-fg-alt-color has-text-color has-link-color wp-elements-d5ec65b3954d6c07360a68eb81065180\">+48 730 533 120<\/p>\n<\/div>\n<\/div>\n<\/div>\n<\/div>\n\n\n\n<div class=\"wp-block-column is-vertically-aligned-top is-layout-flow wp-container-core-column-is-layout-47e5a185 wp-block-column-is-layout-flow\">\n<div class=\"wp-block-group is-layout-constrained wp-block-group-is-layout-constrained\" style=\"border-radius:5px\">\n<div class=\"wp-block-group is-layout-constrained wp-block-group-is-layout-constrained\">\n<figure class=\"wp-block-image aligncenter size-full is-resized\"><img loading=\"lazy\" decoding=\"async\" width=\"713\" height=\"543\" src=\"https:\/\/psychologbarczynska.pl\/wp-content\/uploads\/2024\/10\/Projekt-bez-nazwy.png\" alt=\"\" class=\"wp-image-45\" style=\"width:63px;height:auto\" srcset=\"https:\/\/psychologbarczynska.pl\/wp-content\/uploads\/2024\/10\/Projekt-bez-nazwy.png 713w, https:\/\/psychologbarczynska.pl\/wp-content\/uploads\/2024\/10\/Projekt-bez-nazwy-300x228.png 300w\" sizes=\"auto, (max-width: 713px) 100vw, 713px\" \/><\/figure>\n\n\n\n<div class=\"wp-block-group is-layout-constrained wp-block-group-is-layout-constrained\">\n<p class=\"has-text-align-center has-ti-fg-alt-color has-text-color has-link-color wp-elements-3c8f729176ad541a528f3f770a55759c\">kontakt@psychologbarczynska.pl<\/p>\n<\/div>\n<\/div>\n<\/div>\n<\/div>\n<\/div>\n<\/div>\n<\/div>\n\n\n\n<p class=\"has-text-align-center has-ti-fg-alt-background-color has-background\">Przed um\u00f3wieniem terminu nale\u017cy zapozna\u0107 si\u0119 z regulaminem. Um\u00f3wienie spotkania jest jednoznaczne z jego akceptacj\u0105.<\/p>\n\n\n\n<p><\/p>\n\n\n\n<h2 class=\"wp-block-heading has-medium-font-size\"><strong>Regulamin uczestnictwa w konsultacjach psychologicznych<\/strong><\/h2>\n\n\n\n<ol class=\"wp-block-list\">\n<li>Pierwsza wizyta, kt\u00f3ra przewidywana jest dla osoby niepe\u0142noletniej odbywa si\u0119 ze wszystkimi osobami, kt\u00f3re z perspektywy opiekuna oraz dziecka s\u0105 wa\u017cne dla sprawy. Opiekun decyduje, kto ma przyj\u015b\u0107 na spotkanie. <\/li>\n\n\n\n<li>Po ustaleniu celu nast\u0119pnych wizyt podejmuje si\u0119 wsp\u00f3lnie decyzje kto b\u0119dzie klientem &#8211; dziecko \/ opiekun (opiekunowie) \/ dziecko wraz z opiekunem (opiekunami).<\/li>\n\n\n\n<li>Wizyta osoby niepe\u0142noletniej mo\u017ce si\u0119 odby\u0107 <strong>po podpisaniu zgody przez wszystkie osoby posiadaj\u0105ce pe\u0142n\u0105 w\u0142adz\u0119 rodzicielsk\u0105.<\/strong><\/li>\n\n\n\n<li>Klient, <strong>kt\u00f3ry uko\u0144czy\u0142 16. rok \u017cycia musi wyrazi\u0107 pisemn\u0105 zgod\u0119<\/strong> na przeprowadzenie wizyty.<\/li>\n\n\n\n<li>Ka\u017cdy klient (dziecko)\/ rodzic klienta powinien posiada\u0107 na wizycie dokument potwierdzaj\u0105cy to\u017csamo\u015b\u0107.<\/li>\n\n\n\n<li>Wszystkie wizyty odbywaj\u0105 si\u0119 wy\u0142\u0105cznie po wcze\u015bniejszym um\u00f3wieniu ich terminu.&nbsp;<\/li>\n\n\n\n<li>Odwo\u0142anie wizyty na 24 godziny przed jej terminem nie wi\u0105\u017ce si\u0119 z poniesieniem koszt\u00f3w za wizyt\u0119.<\/li>\n\n\n\n<li>Nieodwo\u0142anie wizyty w terminie do 24 godzin przed jej rozpocz\u0119ciem, jest rozumiane jako zobowi\u0105zanie do stawienia si\u0119 na niej. <strong>Niepojawienie si\u0119 na wizycie skutkuje konieczno\u015bci\u0105 wniesienia za ni\u0105 op\u0142aty<\/strong>, co wynika z konieczno\u015bci zarezerwowania czasu specjalisty oraz gabinetu.<\/li>\n\n\n\n<li>Op\u0142ata za nieodwo\u0142an\u0105 wizyt\u0119 zostanie pobrana podczas nast\u0119pnej um\u00f3wionej sesji.<\/li>\n\n\n\n<li>W przypadku nieop\u0142acenia nieodwo\u0142anej wizyty specjalista zastrzega sobie prawo do nieumawiania kolejnych wizyt.<\/li>\n\n\n\n<li>Brak informacji na temat nieobecno\u015bci traktowany jest jako rezygnacja z terapii.<\/li>\n\n\n\n<li>Sp\u00f3\u017anienie si\u0119 na wizyt\u0119 skutkuje skr\u00f3ceniem czasu jej trwania o d\u0142ugo\u015b\u0107 op\u00f3\u017anienia. Wizyta skr\u00f3cona z powodu sp\u00f3\u017anienia kosztuje tyle samo co pe\u0142na wizyta.<\/li>\n\n\n\n<li>Specjalista ma prawo odm\u00f3wi\u0107 rezerwacji cyklicznego terminu i kontynuowania procesu terapeutycznego w sytuacji braku regularnego uczestniczenia pacjenta w sesjach.<\/li>\n\n\n\n<li>Op\u0142ata za wizyt\u0119 pobierana jest w got\u00f3wce.<\/li>\n\n\n\n<li>Pacjent zg\u0142asza ch\u0119\u0107 otrzymania faktury. Faktury wystawiane s\u0105 na koniec bie\u017c\u0105cego miesi\u0105ca.<\/li>\n\n\n\n<li>Specjalista gwarantuje zachowanie tajemnicy zawodowej i pe\u0142nej poufno\u015bci danych osobowych stosownie do obowi\u0105zuj\u0105cych przepis\u00f3w prawa.<\/li>\n\n\n\n<li>W szczeg\u00f3lnych sytuacjach, m.in. zagro\u017cenia zdrowia lub \u017cycia ludzkiego oraz innych, w kt\u00f3rych specjalista jest prawnie do tego zobowi\u0105zany, dane osobowe pacjenta mog\u0105 zosta\u0107 ujawnione w\u0142a\u015bciwym organom i podmiotom na mocy przepis\u00f3w wynikaj\u0105cych z Ustawy o Ochronie Zdrowia Psychicznego, Kodeksu Karnego i innych ustaw.<\/li>\n\n\n\n<li>W razie potrzeby, specjalista mo\u017ce poprosi\u0107 o nagrywanie sesji (audio lub audio-video) w celu om\u00f3wienia w\u0142asnych kompetencji w pracy podczas superwizji. Nagrywanie mo\u017ce odby\u0107 si\u0119 jedynie po dobrowolnej zgodzie klienta.<\/li>\n<\/ol>\n\n\n\n<p><\/p>\n","protected":false},"excerpt":{"rendered":"<p>Aby um\u00f3wi\u0107 si\u0119 na wizyt\u0119 prosz\u0119 o kontakt: +48 730 533 120 kontakt@psychologbarczynska.pl Przed um\u00f3wieniem terminu nale\u017cy zapozna\u0107 si\u0119 z regulaminem. Um\u00f3wienie spotkania jest jednoznaczne z jego akceptacj\u0105. Regulamin uczestnictwa w konsultacjach psychologicznych<\/p>\n","protected":false},"author":1,"featured_media":0,"parent":0,"menu_order":0,"comment_status":"closed","ping_status":"closed","template":"","meta":{"_themeisle_gutenberg_block_has_review":false,"footnotes":""},"class_list":["post-43","page","type-page","status-publish","hentry"],"_links":{"self":[{"href":"https:\/\/psychologbarczynska.pl\/index.php\/wp-json\/wp\/v2\/pages\/43","targetHints":{"allow":["GET"]}}],"collection":[{"href":"https:\/\/psychologbarczynska.pl\/index.php\/wp-json\/wp\/v2\/pages"}],"about":[{"href":"https:\/\/psychologbarczynska.pl\/index.php\/wp-json\/wp\/v2\/types\/page"}],"author":[{"embeddable":true,"href":"https:\/\/psychologbarczynska.pl\/index.php\/wp-json\/wp\/v2\/users\/1"}],"replies":[{"embeddable":true,"href":"https:\/\/psychologbarczynska.pl\/index.php\/wp-json\/wp\/v2\/comments?post=43"}],"version-history":[{"count":15,"href":"https:\/\/psychologbarczynska.pl\/index.php\/wp-json\/wp\/v2\/pages\/43\/revisions"}],"predecessor-version":[{"id":353,"href":"https:\/\/psychologbarczynska.pl\/index.php\/wp-json\/wp\/v2\/pages\/43\/revisions\/353"}],"wp:attachment":[{"href":"https:\/\/psychologbarczynska.pl\/index.php\/wp-json\/wp\/v2\/media?parent=43"}],"curies":[{"name":"wp","href":"https:\/\/api.w.org\/{rel}","templated":true}]}}